osite?
True
Is 2941 a composite number?
True
Is 18811 a composite number?
True
Is 1319 a prime number?
True
Is 93409 prime?
False
Is 120203 composite?
True
Is 1173178 a composite number?
True
Is 4197 a composite number?
True
Is 1847 a composite number?
False
Is 201785 prime?
False
Is 211 a prime number?
True
Is 2458637 a composite number?
True
Is 40459 a prime number?
True
Is 3994 prime?
False
Is 19571 prime?
True
Is 134699 a composite number?
False
Is 75661 prime?
False
Is 31973 prime?
True
Is 2219695 a composite number?
True
Is 1251551 prime?
False
Is 12417 composite?
True
Is 11483 prime?
True
Is 116897 a prime number?
False
Is 532699 composite?
True
Is 66167 prime?
False
Is 622733 composite?
True
Is 9722 a composite number?
True
Is 65791 a prime number?
False
Is 18839 a prime number?
True
Is 1489199 a prime number?
True
Is 353 composite?
False
Is 45547 prime?
False
Is 6463 a prime number?
False
Is 69505 a composite number?
True
Is 869 composite?
True
Is 23941 a prime number?
False
Is 477382 a composite number?
True
Is 877 a prime number?
True
Is 11801 composite?
False
Is 991 a composite number?
False
Is 721909 a prime number?
True
Is 106643 a composite number?
True
Is 275623 prime?
True
Is 99523 a composite number?
False
Is 55753 a composite number?
True
Is 12929 prime?
False
Is 49363 composite?
False
Is 129647 composite?
True
Is 42689 a composite number?
False
Is 14354 composite?
True
Is 917443 a composite number?
False
Is 1306237 composite?
False
Is 113437 prime?
True
Is 118553 a composite number?
True
Is 13021 a composite number?
True
Is 5779 prime?
True
Is 1198 a prime number?
False
Is 1272233 a composite number?
False
Is 6329 composite?
False
Is 55609 composite?
False
Is 126287 a prime number?
False
Is 18989 a composite number?
True
Is 191413 composite?
False
Is 149623 a composite number?
False
Is 122819 a prime number?
True
Is 236519 a composite number?
False
Is 683367 a prime number?
False
Is 38603 prime?
True
Is 2897 a prime number?
True
Is 979519 a composite number?
False
Is 179759 a composite number?
True
Is 1088099 a prime number?
False
Is 1146818 prime?
False
Is 71191 composite?
False
Is 3433 a composite number?
False
Is 9533 a prime number?
True
Is 24029 a prime number?
True
Is 156713 a composite number?
True
Is 179 a prime number?
True
Is 371791 a composite number?
True
Is 10135 composite?
True
Is 509 a composite number?
False
Is 386641 a prime number?
True
Is 2513 a composite number?
True
Is 786517 composite?
True
Is 1105639 prime?
True
Is 35873 prime?
False
Is 43023 prime?
False
Is 61319 prime?
False
Is 18839 a prime number?
True
Is 264487 composite?
False
Is 282179 prime?
False
Is 15683 a prime number?
True
Is 151841 composite?
False
Is 20047 a composite number?
False
Is 1349 prime?
False
Is 147683 a prime number?
False
Is 83717 a composite number?
False
Is 721661 a prime number?
True
Is 12235 composite?
True
Is 63905 prime?
False
Is 17569 prime?
True
Is 7349 composite?
False
Is 239053 a prime number?
True
Is 74251 a prime number?
False
Is 1266301 a prime number?
True
Is 6911 a composite number?
False
Is 225934 a prime number?
False
Is 101353 a composite number?
True
Is 16217 composite?
False
Is 111 prime?
False
Is 29483 a composite number?
False
Is 5261 prime?
True
Is 343037 composite?
False
Is 10213 a composite number?
True
Is 213949 composite?
False
Is 37081 a prime number?
False
Is 1247971 composite?
True
Is 23159 a prime number?
True
Is 2413 prime?
False
Is 671 composite?
True
Is 79367 composite?
False
Is 9862 prime?
False
Is 771 a composite number?
True
Is 125497 prime?
True
Is 8263631 a composite number?
False
Is 111355 prime?
False
Is 3989 a composite number?
False
Is 3433 prime?
True
Is 64483 a composite number?
False
Is 9647 a composite number?
True
Is 636313 composite?
False
Is 5711 prime?
True
Is 3250129 prime?
True
Is 39719 a composite number?
False
Is 12817 a prime number?
False
Is 3691 a prime number?
True
Is 235753 a composite number?
True
Is 265921 a prime number?
True
Is 5017 a prime number?
False
Is 7393 a composite number?
False
Is 854489 a prime number?
False
Is 357263 a composite number?
False
Is 110531 prime?
False
Is 32099 composite?
False
Is 36291 prime?
False
Is 62411 composite?
True
Is 1282207 a composite number?
True
Is 12829 prime?
True
Is 110261 a prime number?
True
Is 3401705 prime?
False
Is 9199 a composite number?
False
Is 589993 a composite number?
False
Is 10291 composite?
True
Is 9271 composite?
True
Is 853 prime?
True
Is 30133 composite?
False
Is 952957 a prime number?
True
Is 27361 prime?
True
Is 7807247 a prime number?
False
Is 1857047 a composite number?
True
Is 30995 a prime number?
False
Is 45053 a prime number?
True
Is 977 prime?
True
Is 2161 a composite number?
False
Is 309467 a composite number?
True
Is 715439 composite?
False
Is 18973 composite?
False
Is 735929 a prime number?
False
Is 11311 a composite number?
False
Is 12197 composite?
False
Is 51269 composite?
True
Is 222086 prime?
False
Is 29611 a prime number?
True
Is 357977 a prime number?
True
Is 77851 prime?
False
Is 14371 composite?
True
Is 201013 composite?
True
Is 1171357 composite?
True
Is 86161 a composite number?
False
Is 1211 prime?
False
Is 6421 composite?
False
Is 7613 prime?
False
Is 268915 a prime number?
False
Is 190858 composite?
True
Is 125389 a composite number?
True
Is 53503 a prime number?
True
Is 474457 prime?
False
Is 1104017 composite?
False
Is 3457 a composite number?
False
Is 16823 a composite number?
False
Is 6521 a composite number?
False
Is 22931 a composite number?
True
Is 22339 composite?
True
Is 33119 prime?
True
Is 168289 a prime number?
False
Is 242863 prime?
True
Is 92609 a prime number?
False
Is 674341 a prime number?
False
Is 1541513 prime?
True
Is 35878 composite?
True
Is 715339 prime?
True
Is 315401 a composite number?
True
Is 4835 prime?
False
Is 5639 a composite number?
False
Is 146158 a prime number?
False
Is 2933 a composite number?
True
Is 5259 composite?
True
Is 111787 a composite number?
True
Is 19607 a composite number?
True
Is 10223 prime?
True
Is 2878 prime?
False
Is 458449 a composite number?
False
Is 166247 composite?
False
Is 238591 prime?
True
Is 44951 composite?
True
Is 6022 composite?
True
Is 10891 a prime number?
True
Is 163133 prime?
False
Is 188749 a prime number?
False
Is 6313 prime?
False
Is 127129 a composite number?
True
Is 5041979 a prime number?
False
Is 3907 a composite number?
False
Is 1901 a prime number?
True
Is 55963 a prime number?
False
Is 5017 prime?
False
Is 8563 composite?
False
Is 877 composite?
False
Is 937 a composite number?
False
Is 244529 a prime number?
True
Is 4045 a prime number?
False
Is 9179 a composite number?
True
Is 37763 a prime number?
False
Is 877093 a prime number?
False
Is 23423 a composite number?
True
Is 23809 a composite number?
True
Is 9391 prime?
True
Is 111949 prime?
True
Is 1471 a composite number?
False
Is 48305 prime?
False
Is 12631 a composite number?
True
Is 2735323 prime?
True
Is 15493 composite?
False
Is 69271 a composite number?
True
Is 279649 a composite number?
False
Is 1262711 composite?
False
Is 10973 a prime number?
True
Is 88898 a prime number?
False
Is 191377 composite?
True
Is 58129 prime?
True
Is 115711 composite?
True
Is 129341 composite?
False
Is 899939 prime?
True
Is 5459 composite?
True
Is 95671 a composite number?
True
Is 3421 a prime number?
False
Is 84259 prime?
False
Is 253173 a prime number?
False
Is 3079 a composite number?
False
Is 568235 a composite number?
True
Is 4283 composite?
False
Is 6511 a composite number?
True
Is 6143 prime?
True
Is 5221 prime?
False
Is 13501 a prime number?
False
Is 152809 a prime number?
True
Is 312901 prime?
False
Is 77219 a composite number?
True
Is 180721 composite?
True
Is 31013 a composite number?
False
Is 73342 composite?
True
Is 495877 a prime number?
True
Is 84629 prime?
True
Is 11545 prime?
False
Is 16327 a prime number?
False
Is 430403 a composite number?
True
Is 36739 a composite number?
False
Is 566851 a composite number?
False
Is 16181 composite?
True
Is 23017 a prime number?
True
Is 13963 prime?
True
Is 30869 a prime number?
True
Is 232357 a prime number?
True
Is 2927707 a prime number?
True
Is 483629 a prime number?
True
Is 257227 a composite number?
Tr